Is 9468256517 a prime number?
False
Is 2265458759 a composite number?
False
Is 101570845 a prime number?
False
Is 130380691927 prime?
False
Is 452097253 a prime number?
True
Is 821952457 prime?
False
Is 18573500653 a prime number?
False
Is 63872303503 composite?
False
Is 15960277 a prime number?
True
Is 134047343 prime?
False
Is 36847128971 composite?
True
Is 67916690371 prime?
True
Is 89345605 a composite number?
True
Is 412761913 a prime number?
True
Is 49160574137 a composite number?
False
Is 523238671 a composite number?
False
Is 734694481 composite?
True
Is 1118991673 composite?
True
Is 873709997 prime?
True
Is 298869127 a composite number?
False
Is 22402039831 a composite number?
False
Is 185824357 prime?
False
Is 10867110701 a prime number?
False
Is 1329364573 a prime number?
False
Is 679751517 prime?
False
Is 57361755221 prime?
False
Is 679698154 a prime number?
False
Is 36951961159 composite?
True
Is 5891635031 composite?
False
Is 4733431 a prime number?
False
Is 356257777 a composite number?
False
Is 3107796583 a composite number?
False
Is 136212873701 prime?
True
Is 30553384634 prime?
False
Is 282779797 composite?
False
Is 32895989639 a prime number?
True
Is 276876521 prime?
False
Is 9549273733 composite?
False
Is 53682449411 a composite number?
True
Is 13873857713 a composite number?
False
Is 4416936863 a prime number?
True
Is 2209347299 a prime number?
False
Is 199222210414 composite?
True
Is 298097647 a composite number?
False
Is 59131979969 a composite number?
False
Is 33540599059 a composite number?
True
Is 4455574577 a composite number?
False
Is 1020033437 prime?
False
Is 100992868547 composite?
False
Is 4909733579 composite?
False
Is 1624645097 a composite number?
False
Is 423957623 a prime number?
False
Is 1517478731 a composite number?
False
Is 7146657211 prime?
True
Is 30926431 prime?
True
Is 5447898507 a prime number?
False
Is 6141744727 prime?
True
Is 28770352267 a composite number?
True
Is 22710970895 prime?
False
Is 344210745083 prime?
True
Is 7007151779 a composite number?
True
Is 5123090953 a prime number?
False
Is 828362653 composite?
False
Is 360843431 composite?
True
Is 52725305411 composite?
False
Is 65734951 a prime number?
True
Is 21006967013 a composite number?
False
Is 645667118 a prime number?
False
Is 1775061733 a composite number?
False
Is 4772253761 a prime number?
False
Is 547764541 prime?
False
Is 50307992627 a composite number?
True
Is 26085048571 a composite number?
True
Is 15315273007 a prime number?
False
Is 21817242037 composite?
True
Is 502305277 prime?
False
Is 37802701697 prime?
True
Is 8981557003 composite?
False
Is 894959167 a composite number?
True
Is 29936396141 composite?
False
Is 830201941 a prime number?
False
Is 19977724803 a prime number?
False
Is 59613592091 prime?
False
Is 75167897579 a prime number?
False
Is 314015599 a prime number?
False
Is 94623105883 prime?
True
Is 3875188259 composite?
False
Is 1684284361 composite?
False
Is 21726297751 composite?
True
Is 4517905837 composite?
False
Is 922971877 a prime number?
False
Is 10425326267 a prime number?
False
Is 52978419253 a composite number?
True
Is 59164440281 prime?
False
Is 4080404935 prime?
False
Is 91999415 a composite number?
True
Is 3345747673 a prime number?
True
Is 1603993727 composite?
True
Is 8980081141 a composite number?
False
Is 10568478871 composite?
False
Is 65874930665 a prime number?
False
Is 981330191 a prime number?
True
Is 172985339257 prime?
True
Is 127784335417 a prime number?
True
Is 5788441253 prime?
False
Is 11255159051 a prime number?
True
Is 51396445657 a prime number?
True
Is 1055155093 a composite number?
False
Is 9900637759 a composite number?
True
Is 20244298259 a composite number?
True
Is 198284425895 a prime number?
False
Is 43311939131 composite?
False
Is 625257949 a prime number?
False
Is 923738873 a prime number?
False
Is 8804131877 a composite number?
True
Is 1078683037 a prime number?
False
Is 89910369163 composite?
True
Is 2232432931 a composite number?
True
Is 5952119953 prime?
False
Is 8778088481 a composite number?
True
Is 53125888979 composite?
False
Is 3395791634 a composite number?
True
Is 10273562197 a prime number?
True
Is 222109493 prime?
False
Is 25959475511 a composite number?
False
Is 1445819957 composite?
True
Is 11185999207 a prime number?
True
Is 4191615661 a prime number?
True
Is 123898813 prime?
False
Is 72925656989 a composite number?
True
Is 195866653 a prime number?
False
Is 4611907511 prime?
True
Is 1440640243 prime?
False
Is 8308483377 composite?
True
Is 2462539531 a composite number?
False
Is 40254567181 prime?
True
Is 2930087647 a prime number?
True
Is 182377597 a prime number?
True
Is 693115399 composite?
True
Is 193869838427 a prime number?
True
Is 10132437559 a composite number?
True
Is 12439387541 composite?
True
Is 13253294767 a composite number?
False
Is 393182399 prime?
False
Is 38487942503 a composite number?
False
Is 11627043679 a prime number?
False
Is 2380956499 composite?
False
Is 75471364013 prime?
True
Is 1336513769 a prime number?
False
Is 2832446011 a composite number?
False
Is 45244640593 a prime number?
True
Is 18255445517 a prime number?
False
Is 31634809631 composite?
False
Is 206284216591 composite?
True
Is 227756357 a composite number?
True
Is 1109146981 composite?
False
Is 1717259207 prime?
False
Is 467488803 prime?
False
Is 4206405111 prime?
False
Is 28269082313 prime?
True
Is 578771657 a prime number?
True
Is 21129868931 prime?
True
Is 1067358403 prime?
True
Is 13229661283 composite?
False
Is 2692357919 composite?
False
Is 13937485349 composite?
False
Is 140182309 a prime number?
False
Is 114535206809 composite?
False
Is 1712685971 composite?
False
Is 116357071 composite?
False
Is 45970010153 prime?
False
Is 186208470907 a composite number?
True
Is 361628383 a prime number?
True
Is 58093841563 a prime number?
True
Is 9817014607 a prime number?
False
Is 698744426 a prime number?
False
Is 11333852657 prime?
True
Is 96424219 composite?
True
Is 3558582941 prime?
False
Is 9111132857 composite?
False
Is 277090453 composite?
True
Is 5429887867 a prime number?
True
Is 1700237787 prime?
False
Is 3421803311 prime?
False
Is 2544491 a prime number?
False
Is 113586149 a prime number?
True
Is 2382693409 a prime number?
True
Is 843164834 a prime number?
False
Is 788850259 a prime number?
True
Is 1323788587 a prime number?
False
Is 11913712879 a composite number?
False
Is 17235415265 a composite number?
True
Is 212867987 composite?
False
Is 387366563 composite?
True
Is 342595867 a prime number?
False
Is 46161064273 a composite number?
True
Is 33165437 a composite number?
True
Is 57535104817 a prime number?
False
Is 12466483817 a prime number?
False
Is 2098852433 a composite number?
False
Is 585011761 a composite number?
False
Is 416025499 a composite number?
False
Is 9438129371 composite?
True
Is 1851044449 prime?
True
Is 4223730827 a prime number?
True
Is 249628871 composite?
False
Is 1704118787 a prime number?
False
Is 13347274607 a prime number?
False
Is 4414047991 prime?
True
Is 4469450707 a prime number?
False
Is 994217263 composite?
True
Is 570579509 a prime number?
True
Is 21253417061 a prime number?
False
Is 30482244733 a composite number?
False
Is 879503089 prime?
False
Is 7655145347 composite?
True
Is 3490172135 composite?
True
Is 14768186591 composite?
True
Is 2369770021 composite?
False
Is 4210343677 a composite number?
False
Is 2177348017 composite?
True
Is 2856596663 composite?
False
Is 10729375751 prime?
True
Is 560437331 a composite number?
True
Is 3032119 a prime number?
True
Is 611859779 prime?
True
Is 1655229154 a composite number?
True
Is 115481466227 a prime number?
False
Is 159066998537 a prime number?
False
Is 895416871 a composite number?
True
Is 1112225861 prime?
True
Is 2318725069 composite?
False
Is 52976047309 prime?
False
Is 5508943741 composite?
True
Is 2184099367 a prime number?
True
Is 71696905507 prime?
True
Is 11724454633 a prime number?
True
Is 100034441809 composite?
True
Is 59888577037 a prime number?
True
Is 1168531297 a prime number?
False
Is 6351966043 composite?
False
Is 36841795931 prime?
False
Is 1421917087 prime?
False
Is 9036027743 a prime number?
False
Is 552191098 a prime number?
False
Is 19170436861 prime?
Fa